its digit of b?
2
Let j = -115 - -666. What is the tens digit of j?
5
Let i(j) = j**3 + 15*j**2 - 16*j + 8. Let y = 69 - 84. What is the hundreds digit of i(y)?
2
Let s = -41 - -42. What is the units digit of (32/20)/(s/55)?
8
Suppose 0 = -3*c - 5*o + 6, -3*c = 5*o - o - 9. What is the units digit of ((-14)/8)/(54/8 - c)?
7
Suppose -6*w - 1228 - 1634 = 0. Let k = -298 - w. What is the tens digit of k?
7
Suppose -2*m = -59 - 49. Suppose 2*q - 171 = -3*p, -2*q + 3*q - 82 = 2*p. Let t = q - m. What is the tens digit of t?
3
What is the hundreds digit of (-4)/6 + -9 + 5145/9?
5
Let w = 326 + 860. What is the hundreds digit of w?
1
Let f = 54 - 11. Let c(p) = -23*p**2 - p + 1. Let h be c(1). Let z = f + h. What is the units digit of z?
0
Let a = 2 - 0. Let f be a/8 - (-5)/(-20). Suppose 2*w = -f*w + 48. What is the units digit of w?
4
Suppose 3*r + 29 = -k, 60 = -5*k + 2*r - 0*r. Suppose -7 - 65 = -4*d. Let j = k + d. What is the units digit of j?
4
Let j be (-2)/(3 + 3)*-1*9. Suppose 0 = 4*v - j*v - 59. What is the tens digit of v?
5
Let q be 249/(-21) - 1/7. What is the tens digit of ((-41)/(-3))/((-4)/q)?
4
What is the hundreds digit of (-10)/4*2 - 5026/(-7)?
7
Suppose 10 = 2*j, 3*j + j - 25 = -d. Let l(b) = b**2 - 7*b - 2. Let h be l(d). What is the tens digit of (-220)/(-18) - h/(-54)?
1
Suppose t + 6*b = b, -5*b + 120 = -5*t. Let s = t + 22. Suppose -2*i = c - 1 - 1, s*i - 10 = -3*c. What is the units digit of c?
4
Let l be (4/(-9))/((-8)/36). Suppose -24 = 2*m + l*m. What is the units digit of (-236)/m*(-6)/(-4)?
9
Let b(y) = -34*y - 1. Let u be (-16)/(-10) + 6/15. Let t be b(u). What is the tens digit of t*((-8)/(-12) - 1)?
2
Suppose 2*y - 5*y + 18 = 0. Let z be ((-2)/y)/((-5)/225). Suppose w - z = 13. What is the tens digit of w?
2
What is the units digit of 1 - -922*(-3)/(-1)?
7
Suppose 340*k - 874 = -z + 344*k, -2*z + 5*k + 1745 = 0. What is the units digit of z?
0
Let z = -628 + 1299. What is the tens digit of z?
7
Let q = -5 - -9. Let l be -1 - -1*(q - 3). Suppose -3*j = -5*n + 31, 2*n - 6 = -l*n - 2*j. What is the units digit of n?
5
Suppose 4 = -c + 2*c. What is the units digit of 1*14/c*10?
5
Let s(g) = -34*g - 36. What is the hundreds digit of s(-15)?
4
Let z be (-135)/18 - 2/4. Let u be 0*(z/6 + 1). Suppose -4*a + 2*a - 24 = -n, u = -2*n + 5*a + 51. What is the units digit of n?
8
Suppose -2*x + 4*x - 8 = 0. Suppose x*i = -4*d - 72, 0*d = 5*d - 5*i + 90. Let y = -13 - d. What is the units digit of y?
5
Suppose 5*h - 461 - 2789 = 0. What is the hundreds digit of h?
6
Let r be (-12 + -316)*1/(-2). Let f = r - 96. Suppose f + 108 = 4*m + 5*n, -m - 5*n + 44 = 0. What is the units digit of m?
4
Suppose -23*x + 248 = 2*y - 27*x, 0 = 3*y + x - 407. What is the hundreds digit of y?
1
Suppose 5*b - 29 = -4. Let f(i) = -3*i + 3*i**2 - 4*i**2 + 39 + b + 2*i. What is the units digit of f(0)?
4
Let f be (-2)/((-1900)/(-2805) + 2/(-3)). Let z = f + 286. What is the tens digit of z?
9
Let z(i) = 2*i. Let m = 6 + -2. Let o be z(m). Suppose 5*x = -o + 143. What is the tens digit of x?
2
Suppose -d = -38 - 381. What is the units digit of d?
9
Let k(y) = y**3 + 5*y**2 - 8*y - 5. Let u be k(-6). Let v = 25 - u. Suppose 2*a + v = -5*t + 163, -2*a = -4*t - 100. What is the units digit of a?
0
Let w = 151 - -557. What is the hundreds digit of w?
7
Suppose -4*s - s + 5 = 0. Let q be 6/3 - 1/s. Let b(o) = 14*o**3 + o. What is the tens digit of b(q)?
1
Let m be (5 + -7 - (1 + -5))/1. Suppose 96 = x - m*z, 5*x - 435 = -3*z + 4*z. What is the units digit of x?
6
What is the units digit of -97*(10/15)/(6/(-9))?
7
Suppose -3*d + 43 = 28. Let f(s) = 4*s**2 - 5*s - 1. What is the units digit of f(d)?
4
Suppose 3*i - 5*y - 152 = 0, -i + 62 = -0*i + 4*y. What is the tens digit of i?
5
Suppose -2*j - 1518 = -6130. What is the units digit of j?
6
Let s(d) = -d**2 + 11*d - 14. Let h be s(10). Let i = -23 + h. Let q = i - -67. What is the tens digit of q?
4
Let r be (3 - -97) + (1 - 1). Let t = -17 + r. What is the tens digit of t?
8
Suppose g = 2*v + 28, 13*v = g + 10*v - 27. What is the units digit of g?
0
Let v(i) = -i**3 + 11*i**2 + 26*i + 11. Let j be v(13). Let t(l) = l**2 + l - 2. Let u be t(-2). Let g = u + j. What is the units digit of g?
1
Let n(t) = 8*t**2 - 12*t + 37. What is the units digit of n(-7)?
3
Let u = -7 + 9. Suppose n + u*n = -15. Let c = n - -22. What is the tens digit of c?
1
Let k(q) = q**2 + 1. Let p(x) = -8*x**2 + x - 22. Let g(d) = -5*k(d) - p(d). What is the units digit of g(10)?
7
Let k be ((0/3)/4)/(0 - 1). Suppose -4*s + 21*s - 4641 = k. What is the hundreds digit of s?
2
Suppose -10*u + 0*u = -0*u. Suppose -4*x = -s - s - 8, 0 = -s + 5*x - 7. What is the units digit of (u - -2)/(s/(-3))?
3
Suppose 13 + 2 = -5*t, -2*z + 622 = 2*t. What is the tens digit of z?
1
Let y(p) be the third derivative of -p**6/120 + p**5/5 - 11*p**4/24 + 5*p**3/3 - 37*p**2. What is the tens digit of y(8)?
7
Suppose 2*k = 3*k - 962. What is the hundreds digit of k?
9
What is the units digit of (-66303)/(-45) + (-16)/40?
3
Suppose 0 = 15*p - 7820 + 2885. What is the hundreds digit of p?
3
Let t(p) = 5*p - 4. Let j be t(3). Let v(i) = -3 - i + j + 1 - i**2 + 2*i. What is the units digit of v(0)?
9
Let v be ((-30)/(-45))/(2/(-159)). Let k = v + 78. What is the units digit of k?
5
Suppose 2*n - 5*k = 429, n + 5*k = -4*n + 1020. What is the units digit of n?
7
Let r(z) = 78*z**2 + 18*z + 42. What is the units digit of r(-3)?
0
Let l = 101 - 99. Suppose -j - o = -86, -o - 6 = l*o. What is the units digit of j?
8
What is the units digit of 2/8 + (-4077)/(-12)?
0
Let v(j) = -j**3 + 27*j**2 - 19*j + 11. What is the tens digit of v(22)?
1
Let r(p) be the second derivative of p**4/12 + 11*p**3/6 + 2*p**2 + 5*p. Let k be r(-11). Suppose -a - k*a = -125. What is the tens digit of a?
2
Suppose 3*o - 1065 = -5*g, -o = -2*o - g + 353. What is the units digit of o?
0
Let x(t) be the second derivative of -11*t**5/20 - t**4/4 + t**3/3 + t**2 - 13*t. What is the units digit of x(-2)?
4
Let z(n) = n**2 - 4*n - 2. Let q be z(6). Let o be 26/4 + 5/q. What is the units digit of 14*2 + (-14)/o?
6
Suppose 2*x - 47 = 35. Suppose x*f = 43*f - 52. What is the units digit of f?
6
Let t = 511 + -287. Let a = t - 132. What is the tens digit of a?
9
Let b(a) = -a**3 + 7*a**2 - 3*a - 14. Let c be b(6). Suppose c*t + 68 = 5*t. What is the tens digit of t?
6
Suppose 5*n - 2*i = 1951, -n - 2*i + 6*i = -401. What is the units digit of n?
9
Let z = 1054 + -504. What is the hundreds digit of z?
5
Let z(g) = 2*g**3 - g**2 + 2*g - 1. Let x be z(1). Suppose 5*u - 285 = -5*c, -x*u + 3*c + 249 = 2*u. Suppose -7*v + u = -3*v. What is the units digit of v?
5
Suppose 11*k + 134 - 4721 = 0. What is the hundreds digit of k?
4
Suppose -4*v - v - 45 = 0. Let p = v + 27. What is the units digit of p?
8
Let q = 140 - -74. What is the units digit of q?
4
Let q(d) = 69*d - 3. Suppose -2*l - 3 = l, 3*l = 5*t + 17. Let b(f) = 35*f - 2. Let p(k) = t*q(k) + 7*b(k). What is the units digit of p(-1)?
9
Let h(l) = l**3 + 27*l**2 - 49*l - 27. What is the thousands digit of h(-25)?
2
Let w(o) = -7*o - 20. Let l(v) = 11*v + 4. Let j be l(-1). What is the tens digit of w(j)?
2
Suppose 8*i - 8 = -192. Let p(j) = -3*j - 11. What is the tens digit of p(i)?
5
Suppose -2*m + 3 - 203 = 0. Let d = 171 + m. What is the tens digit of d?
7
Let x(j) = -j**2 + 14*j - 24. Let v be x(11). Suppose 2*d = -r + 5, v = 6*r - 5*r + d. What is the tens digit of r?
1
Let h(f) = 15*f**2 - 58*f - 7. What is the units digit of h(-6)?
1
What is the tens digit of (1 - 0)/(3/225)?
7
Let h = 527 - 252. What is the tens digit of h?
7
Let q(u) = -u**3 - 11*u**2 - 9*u + 8. Let b be q(-8). Let t = 170 + b. What is the tens digit of t?
5
Suppose 5*v - 16 = -4*y, y + 8 = 3*y. Suppose -m + 17 + 44 = v. What is the units digit of m?
1
Let k(l) be the third derivative of -l**6/120 + l**5/60 + l**4/24 + 5*l**3 + 14*l**2. What is the units digit of k(0)?
0
Suppose 0 = 3*v + j + 2*j - 15, -2*j + 6 = 0. Suppose 3*z - v*z - 70 = 0. What is the units digit of z?
0
Suppose 5*q - s + 6*s - 1355 = 0, 0 = -4*q - 2*s + 1086. What is the units digit of q?
2
Suppose 3 = 4*s - 13. Suppose -3*a + 284 = -0*a - s*j, 3*j - 387 = -4*a. What is the tens digit of a?
9
Suppose -3*